 ten thousands digit of 6626757?
2
What is the hundreds digit of 1613103?
1
What is the ten thousands digit of 3551159?
5
What is the millions digit of 23321453?
3
What is the millions digit of 1437517?
1
What is the units digit of 2278740?
0
What is the hundreds digit of 5228744?
7
What is the hundreds digit of 41576?
5
What is the ten thousands digit of 5041464?
4
What is the units digit of 5184926?
6
What is the thousands digit of 6172232?
2
What is the thousands digit of 665002?
5
What is the tens digit of 259945?
4
What is the units digit of 429096?
6
What is the thousands digit of 8359037?
9
What is the tens digit of 206654?
5
What is the thousands digit of 3846559?
6
What is the hundred thousands digit of 297441?
2
What is the hundreds digit of 272526?
5
What is the units digit of 5339807?
7
What is the ten thousands digit of 607406?
0
What is the hundred thousands digit of 179964?
1
What is the hundred thousands digit of 377009?
3
What is the ten thousands digit of 237382?
3
What is the tens digit of 2498?
9
What is the thousands digit of 744983?
4
What is the ten thousands digit of 254077?
5
What is the ten thousands digit of 6666428?
6
What is the millions digit of 4432623?
4
What is the units digit of 838314?
4
What is the hundred thousands digit of 168307?
1
What is the hundreds digit of 819682?
6
What is the hundred thousands digit of 1078002?
0
What is the millions digit of 5171809?
5
What is the hundred thousands digit of 996718?
9
What is the hundreds digit of 3807941?
9
What is the tens digit of 148362?
6
What is the hundred thousands digit of 5694499?
6
What is the units digit of 234440?
0
What is the ten thousands digit of 7792367?
9
What is the thousands digit of 67252?
7
What is the hundreds digit of 8682326?
3
What is the ten thousands digit of 13021895?
2
What is the tens digit of 11522282?
8
What is the hundreds digit of 178571?
5
What is the tens digit of 53901?
0
What is the units digit of 991575?
5
What is the thousands digit of 100628?
0
What is the hundreds digit of 29241?
2
What is the hundreds digit of 274139?
1
What is the thousands digit of 4955806?
5
What is the thousands digit of 341355?
1
What is the hundred thousands digit of 3460331?
4
What is the hundred thousands digit of 3731214?
7
What is the hundreds digit of 30259208?
2
What is the hundreds digit of 140181?
1
What is the ten thousands digit of 21224855?
2
What is the hundred thousands digit of 2093756?
0
What is the ten thousands digit of 8671962?
7
What is the units digit of 3600824?
4
What is the hundreds digit of 12045356?
3
What is the tens digit of 25507336?
3
What is the ten thousands digit of 403511?
0
What is the thousands digit of 363914?
3
What is the tens digit of 525839?
3
What is the millions digit of 13532007?
3
What is the tens digit of 1419529?
2
What is the tens digit of 3480078?
7
What is the hundred thousands digit of 1150987?
1
What is the units digit of 9905716?
6
What is the hundreds digit of 274510?
5
What is the units digit of 24038753?
3
What is the thousands digit of 1841661?
1
What is the hundreds digit of 294759?
7
What is the hundreds digit of 6675?
6
What is the thousands digit of 14518353?
8
What is the hundreds digit of 29457?
4
What is the tens digit of 184917?
1
What is the thousands digit of 10606132?
6
What is the hundreds digit of 4398104?
1
What is the ten thousands digit of 3975786?
7
What is the ten millions digit of 21937925?
2
What is the hundreds digit of 16024083?
0
What is the ten thousands digit of 40145?
4
What is the units digit of 23165869?
9
What is the tens digit of 53185?
8
What is the millions digit of 10165295?
0
What is the ten millions digit of 10171016?
1
What is the ten thousands digit of 234465?
3
What is the ten thousands digit of 8791108?
9
What is the thousands digit of 67150?
7
What is the hundred thousands digit of 6797058?
7
What is the thousands digit of 7218823?
8
What is the tens digit of 911459?
5
What is the ten thousands digit of 158272?
5
What is the hundred thousands digit of 5085054?
0
What is the tens digit of 1341936?
3
What is the hundred thousands digit of 332085?
3
What is the hundred thousands digit of 2054858?
0
What is the tens digit of 7796344?
4
What is the ten thousands digit of 169537?
6
What is the millions digit of 5967655?
5
What is the millions digit of 4822673?
4
What is the tens digit of 966659?
5
What is the tens digit of 317743?
4
What is the millions digit of 1093107?
1
What is the hundred thousands digit of 183309?
1
What is the tens digit of 252437?
3
What is the hundred thousands digit of 203532?
2
What is the tens digit of 7683164?
6
What is the tens digit of 2978668?
6
What is the units digit of 68863?
3
What is the tens digit of 82495?
9
What is the units digit of 3161987?
7
What is the units digit of 2075385?
5
What is the hundred thousands digit of 11315844?
3
What is the tens digit of 464321?
2
What is the units digit of 255727?
7
What is the tens digit of 1102372?
7
What is the hundreds digit of 437379?
3
What is the ten thousands digit of 135340?
3
What is the thousands digit of 5220583?
0
What is the units digit of 9989072?
2
What is the ten thousands digit of 5011878?
1
What is the tens digit of 55566?
6
What is the ten millions digit of 16158687?
1
What is the tens digit of 1805163?
6
What is the ten thousands digit of 277896?
7
What is the hundreds digit of 20565511?
5
What is the thousands digit of 86519?
6
What is the millions digit of 27618046?
7
What is the hundreds digit of 134871?
8
What is the units digit of 3127464?
4
What is the thousands digit of 3597381?
7
What is the hundreds digit of 51875?
8
What is the units digit of 360119?
9
What is the hundreds digit of 740998?
9
What is the thousands digit of 25021?
5
What is the tens digit of 9906327?
2
What is the ten thousands digit of 4221820?
2
What is the units digit of 7416321?
1
What is the ten thousands digit of 17176147?
7
What is the hundred thousands digit of 183751?
1
What is the thousands digit of 146176?
6
What is the millions digit of 1993422?
1
What is the tens digit of 104211?
1
What is the thousands digit of 95892?
5
What is the hundred thousands digit of 634608?
6
What is the tens digit of 17375301?
0
What is the tens digit of 2761522?
2
What is the units digit of 6245095?
5
What is the units digit of 13010315?
5
What is the ten thousands digit of 798640?
9
What is the millions digit of 1313298?
1
What is the tens digit of 5126?
2
What is the units digit of 1846845?
5
What is the tens digit of 7637638?
3
What is the units digit of 10063?
3
What is the tens digit of 203657?
5
What is the tens digit of 530?
3
What is the thousands digit of 6087688?
7
What is the hundreds digit of 11394202?
2
What is the ten thousands digit of 263941?
6
What is the hundreds digit of 296490?
4
What is the units digit of 1442372?
2
What is the hundreds digit of 931873?
8
What is the thousands digit of 2570098?
0
What is the tens digit of 9283045?
4
What is the units digit of 348368?
8
What is the tens digit of 22195?
9
What is the thousands digit of 2773660?
3
What is the units digit of 710886?
6
What is the units digit of 25475200?
0
What is the hundred thousands digit of 6574690?
5
What is the hundreds digit of 7025853?
8
What is the thousands digit of 6756470?
6
What is the hundred thousands digit of 6859586?
8
What is the millions digit of 26422138?
6
What is the units digit of 546926?
6
What is the hundred thousands digit of 242830?
2
What is the hundreds digit of 671103?
1
What is the ten thousands digit of 437996?
3
What is the thousands digit of 986381?
6
What is the thousands digit of 371800?
1
What is the hundreds digit of 127661?
6
What is the ten thousands digit of 1404937?
0
What is the ten thousands digit of 15235842?
3
What is the thousands digit of 302177?
2
What is the hundred thousands digit of 938110?
9
What is the tens digit of 1976463?
6
What is the tens digit of 200994?
9
What is the ten thousands digit of 465061?
6
What is the ten thousands digit of 733715?
3
What is the hundred thousands digit of 2879264?
8
What is the hundreds digit of 5667997?
9
What is the ten thousands digit of 1237000?
3
What is the thousands digit of 1254107?
4
What is the ten thousands digi